 common divisor of u and i?
5
Let j be 1/((-1)/(-11)) - 2. Suppose -12 = 3*q + j. Let s = -2 - q. Calculate the highest common divisor of s and 20.
5
Suppose -8*w + 148 + 172 = 0. What is the greatest common factor of 15 and w?
5
Suppose -4*i + 9*i - 501 = 3*v, -4*i - v + 411 = 0. Calculate the greatest common divisor of 34 and i.
34
Let v = -36 - -59. Let w = 39 - v. Let i be 2 + 8 + (0 - 2). Calculate the greatest common factor of w and i.
8
Let m(f) = -f - 2. Let r be m(-8). Calculate the highest common divisor of r and 6.
6
Suppose -3*i = -6*i + 30. Suppose -2*j = -0*j - i. Suppose 2*r = 2 + 28. What is the highest common factor of j and r?
5
Let a = 37 + 18. Suppose 2*d - i - 21 - a = 0, 5*i = -3*d + 140. Calculate the highest common factor of 8 and d.
8
Suppose -t = 2*s - 19, -4*t - 26 = -3*s - 6*t. What is the greatest common factor of 48 and s?
12
Let y(f) = 3*f + 5. Let g be y(7). Suppose -4*c = -4*s + 24, -3*s + c = -0*s - g. Let z = -21 + 31. What is the highest common divisor of z and s?
10
Let h be 4/2*(-10 - -14). Calculate the greatest common divisor of 16 and h.
8
Let h(l) = 3 + 3*l**2 - l - 2*l**2 + 3*l. Suppose 2*y + 2*z - 6 = 0, 0 = -4*y + 3*z - 0*z + 12. Let s be h(y). What is the highest common factor of s and 72?
18
Let x be 15*((-15)/(-20) - (-1)/4). Suppose 0 = -3*n - m + 9, -5*n + 0*m + 15 = -2*m. Calculate the highest common factor of n and x.
3
Let i(j) = -j**2 - 4*j + 4. Let k be i(-4). Suppose 2*p = -3*t + 20, -3*t - 2 = -2*p - 6. Calculate the greatest common factor of k and t.
4
Suppose -f = 3*f - 8. Suppose -33 = -j - f*j. Let s = -2 + j. What is the highest common divisor of 72 and s?
9
Suppose -105 = -5*a - 0. Let l = 186 + -81. Calculate the highest common factor of a and l.
21
Suppose n - 3*q + 21 = 4*n, 1 = -n - 5*q. Suppose 3*h + 81 = 3*j + h, 4*j - 108 = -5*h. What is the highest common divisor of n and j?
9
Suppose h + 4*u = 4*h - 30, 5*h = -2*u + 24. Suppose 3*n = 0, -4*p + 5*n - 2 = 10. Let y be (2 - 3) + (-12)/p. What is the greatest common factor of y and h?
3
Let a = -4 - -7. Suppose a - 18 = -b. What is the highest common divisor of 10 and b?
5
Suppose 105 = -0*l + 3*l. What is the greatest common factor of 7 and l?
7
Let n = -52 - -26. Let t be (-56)/n - (-24)/(-156). What is the highest common divisor of t and 2?
2
Let w be (174/9)/(10/15). Calculate the greatest common factor of w and 87.
29
Suppose -3*x - 2*x = -40. Let c be ((-3)/(-6))/((-1)/2). Let u be ((2 - c) + -5)*-6. What is the highest common factor of u and x?
4
Let p = 436 + -282. Suppose 2*f + p = 2*z, 0 = -3*z + 3*f + f + 236. Calculate the highest common divisor of z and 9.
9
Let c = -1 + 1. Suppose c = v - 0 - 1. Calculate the highest common divisor of 3 and v.
1
Let d be 94/6 + 2/6. Suppose -5*y = -d - 4. Suppose y*g + g = -v + 22, 0 = 5*v + 2*g - 18. What is the highest common factor of 10 and v?
2
Let i = -84 + 95. What is the greatest common divisor of 209 and i?
11
Suppose -31 = -t + 5*q, t = 2*t + 3*q - 23. What is the greatest common divisor of t and 39?
13
Let y be 2 + (-1)/(3/(-6)). Let f be (2/y)/1*0. Suppose 0 = 2*i + 5*v + 6, -2*i + f*v + 3*v = -26. What is the greatest common factor of i and 1?
1
Let z = 15 - 10. Let w(h) = h + 6. Let d be w(0). Suppose -d*i + 25 = -i. Calculate the greatest common divisor of z and i.
5
Let d be 14/(-3) + (-2)/6. Let j = 3 + d. Let q be (-1)/(-2) + (-3)/j. What is the highest common divisor of 2 and q?
2
Let c(a) = -19*a - 10. Let y(v) = -39*v - 21. Let d(t) = -13*c(t) + 6*y(t). Let b = -4 - -8. Let n be d(b). Calculate the highest common factor of n and 7.
7
Suppose w = -2*w + 135. Suppose -10*f = -3*f - 105. Calculate the greatest common divisor of f and w.
15
Let y(w) be the second derivative of 1/4*w**4 + w**2 + 2*w + 0 - 1/2*w**3. Let f be y(4). What is the highest common divisor of f and 19?
19
Let o = 23 + -15. Suppose -2*l = -13 + 11. Calculate the highest common factor of o and l.
1
Let u(j) = -6*j - 3. Let w be u(-3). Suppose -2*y - 10 = 0, 4*y = r + w - 41. Let s = 82 - 73. Calculate the greatest common divisor of s and r.
3
Suppose 0 = -17*j + 18*j - 508. Suppose -4*q + j = 3*p, -3*q = -7*p + 4*p + 543. Calculate the highest common divisor of p and 16.
16
Suppose -m + 3*l + 49 = 0, -2*m - 5*l + 43 = -0*l. Let s = 49 - 32. What is the greatest common factor of m and s?
17
Let s = 63 + -39. Let g = 40 - s. Calculate the highest common factor of g and 8.
8
Let k(t) = -123*t**3 + 2*t**2 - 2*t + 1. Let r be k(1). Let z = r + 221. Suppose 48 + 7 = 5*l. What is the highest common divisor of z and l?
11
Suppose 2*n = y - 6 - 6, 2*y + n + 1 = 0. Suppose 0 = y*p - 0*p - 8. Calculate the greatest common divisor of 10 and p.
2
Let p = -21 + 17. Let f(w) = -2*w - 7. Let z be f(p). What is the greatest common factor of z and 4?
1
Suppose 0 = -2*y + 8, 6 = -n - 0*n + 2*y. Suppose 2*h - 4 = -n. Suppose -2*w = 5*x - 11, -4*x + 7 = 3*w - 6. Calculate the greatest common factor of h and w.
1
Suppose -2*i - 2*u + 4 = 0, -7 = i + 5*u + 11. Calculate the highest common factor of i and 63.
7
Let x(a) = 12*a + 3. Let s(l) = l - 7. Let h be s(4). Let g be 1/(-3)*45/h. Let d be x(g). What is the highest common factor of 7 and d?
7
Let c = -20 - -42. Calculate the highest common factor of 11 and c.
11
Let t(m) = 7 - m - 5*m + 2*m. Let r be t(-7). Let h be (4/3)/(2/21). Calculate the highest common factor of h and r.
7
Let z(l) = 3*l**2 - 2*l + 1. Let i be z(2). Calculate the highest common factor of i and 99.
9
Let r(x) = -6*x - 2. Let c be r(-2). Let j(k) = -k**3 - 6*k**2 + k - 2. Let t be j(-7). What is the highest common divisor of t and c?
10
Let o be ((-3)/2)/((-9)/(-24)). Let s be (-2)/(o/6) - 1. Suppose -i - 163 = -s*n, -n - 239 = -4*n - 4*i. Calculate the greatest common factor of n and 9.
9
Let g = -15 + 18. Suppose -8*o + 60 = -g*o. What is the highest common factor of o and 3?
3
Let g(j) = j**3 - 9*j**2 - j + 7. Let h be g(8). Let b be 2/(-8) + h/(-4). Calculate the highest common divisor of b and 80.
16
Let o = 25 + -22. Calculate the greatest common divisor of 24 and o.
3
Suppose -25 = -2*a + 9. What is the greatest common divisor of 136 and a?
17
Let c be 30/9*18/15. Suppose 4*f - 936 = 3*d, -c*f + 0*d + 2*d + 932 = 0. What is the highest common divisor of f and 21?
21
Let u(m) = 4 - 4*m - 4*m + 2*m. Let p be u(-4). Suppose -2*i = -2*k + 2, -5 = -k - 2*i + 5. What is the highest common factor of p and k?
4
Suppose -28 = -3*f + f. Suppose 8 = 5*r - 2. Calculate the highest common factor of f and r.
2
Suppose -3*f - 245 = -8*f. What is the greatest common factor of 7 and f?
7
Let j(t) = -35*t - 2. Let o be j(2). Let q = -38 - o. Calculate the highest common divisor of 85 and q.
17
Suppose 0 = -5*q - 32 - 63. Let r be (q/2)/(5/(-20)). Calculate the highest common factor of r and 19.
19
Let f = 11 - -22. What is the highest common factor of 264 and f?
33
Let u be 63/6*8/6. What is the highest common divisor of u and 98?
14
Let q = 147 - 102. Let p be 0 + 10/(5 - 3). What is the highest common divisor of q and p?
5
Suppose -4*h + n + 254 = 0, -2*n - 2*n - 56 = -h. Suppose -8 + 3 = g, -w + 20 = -5*g. Let t = 3 - w. Calculate the highest common divisor of t and h.
8
Let c(n) = n**3 - 4*n**2 + n + 9. Let y be c(4). Let k(x) = -x**3 + 9*x**2 - 3*x + 1. Let h be k(6). Calculate the greatest common factor of y and h.
13
Let u be 0 + 14 - 3 - -2. What is the greatest common factor of u and 39?
13
Let s be (7/2)/((-3)/(-180)). Let j = 318 - s. Calculate the greatest common factor of j and 12.
12
Suppose -13*w = -w + 1080. Let b = -408 + 263. Let y = w - b. Calculate the greatest common divisor of y and 22.
11
Suppose z + 6 = 3*z - 3*u, -4*z - 5*u = -12. What is the greatest common factor of z and 30?
3
Let h be (-74)/(-10) + (-6)/15 - -1. Calculate the highest common factor of h and 8.
8
Let b(q) = -q**3 - 8*q**2 - 8*q + 4. Let r be b(-6). Let m = r + 30. What is the highest common factor of m and 30?
10
Let i be (-3)/(-7) - 20/14. Let x be i - (-5 - (-3 + 2)). Let z(u) = 2*u**2 - u - 2. Let r be z(x). Calculate the greatest common divisor of r and 65.
13
Suppose 0 = -4*j + x + 959, 0 = j - 0*j - x - 239. Calculate the greatest common factor of 15 and j.
15
Suppose -3*u + 29 + 52 = 0. Calculat